3. Let q(a) = 456*a + 24. Let t(n) = -11*l(n) + 6*q(n). Is t(9) prime?
True
Let j = 13467 - 9566. Is j a prime number?
False
Let r(n) = 343*n**3 - 4*n**2 + 11*n + 29. Is r(4) a composite number?
False
Suppose 80*a + 59440 = 5*d + 77*a, -23755 = -2*d - 3*a. Is d a prime number?
False
Suppose -8*b + 4*b + 84023 = o, -5*o + 105040 = 5*b. Is b a composite number?
True
Let m(u) = -4*u**3 - 11*u**2 + 19*u - 71. Is m(-12) a prime number?
False
Suppose -2*r + 5*p = 57, 3*r - p = p - 80. Let f = r - -39. Is 13/f + 373 + -1 a prime number?
True
Let f(t) = -342*t - 11. Is f(-2) composite?
False
Suppose -26*p = -268597 + 7739. Is p composite?
True
Let x = 89 - 86. Suppose 0*b = 4*b + 4, 2002 = 5*r + x*b. Is r prime?
True
Suppose c - 590 = -x, 2*c - 4*c = -2*x + 1200. Suppose 0 = -3*i - x + 1654. Suppose 0 = -z - z + 2*j + 738, 5*j = z - i. Is z a prime number?
True
Let l be (-2 - 4/(-2)) + 2. Suppose -4260 = -l*v + 1210. Is (v/(-20))/((-3)/12) a composite number?
False
Let o be 4550/(-20) + 1/(0 - -2). Let z = 358 + o. Is z a prime number?
True
Suppose -2*v - 3*s = -20489, 5*v - 26449 = -s + 24767. Is v prime?
True
Suppose -7*n + 955 = -128818. Is n a prime number?
True
Suppose l + 7119 + 6752 = u, u = -2*l + 13859. Suppose -3*f = -10*f + u. Is f a composite number?
True
Suppose 39 = -2*r - 15. Let j = 77 + -36. Let w = r + j. Is w a composite number?
True
Let l(i) = 383*i + 2. Let y be l(1). Suppose 0*g - x = g - y, 5*g = -4*x + 1929. Is g a composite number?
False
Let z(a) = -674*a**2 - 3*a - 1. Let g be z(-1). Let m = 321 - g. Is m prime?
False
Suppose -113063 = -5*a + 8*n - 9*n, -4*a + 2*n + 90456 = 0. Is a composite?
False
Suppose 0 = -5*o - 5 + 15. Is ((-288)/15 - o)*-5 a composite number?
True
Is (-28741)/(-7) - (-10 + (-152)/(-14)) composite?
True
Let z = -9432 + 22693. Is z a prime number?
False
Suppose -4572 - 409 = -4*c - 3*p, 4*p = 12. Is c a composite number?
True
Let b be 170/(-45) - 2/9. Let p be 2*b/24*-501. Let t = -90 + p. Is t composite?
True
Suppose 0 = -16*t + 21*t - 45145. Is t composite?
False
Let u(t) = -2*t + 10. Let p be u(6). Let b(v) = 62*v**2 - 3*v - 3. Let k be b(p). Suppose -3*d = -4*d + k. Is d composite?
False
Suppose -5*n + 45 = 5*s, 3*s - 2 - 15 = -n. Let w(l) = 42*l**3 + 4*l**2 - 3*l + 12. Is w(n) a prime number?
True
Let o be (-4 + (4 - 1))*-2. Let f be 126/(-15) + (-2)/(-5). Is 159/o*f/(-12) prime?
True
Suppose -2*y - 3764 = -2*i, -4*y = -15*i + 14*i + 1879. Is i composite?
True
Let x(c) = 39*c**2 + 8*c + 15. Let p be x(-6). Let d = 94 + p. Is d a prime number?
False
Let m(i) = 6*i**2 + 37*i - 99. Is m(-20) a prime number?
False
Suppose -74*a - 2*l = -75*a + 7657, -4*a + 30622 = -2*l. Is a a composite number?
True
Suppose -28*u + 1119442 = 10*u. Is u composite?
True
Is 6*((-6)/(-4) - 14720/(-15)) a composite number?
False
Let c be 285*-3*2/6. Let j = 468 - c. Is j a composite number?
True
Suppose -24 = -2*r + 4*h, -2*r + 2*h = r - 20. Suppose r*v = 1994 + 1554. Is v a prime number?
True
Let l be 4/20 - (-3 + (-48)/(-15)). Suppose 0 = 5*s - 2*k - 99, l = 4*s + k - 55 - 32. Is s prime?
False
Let o(m) = -8*m**3 + m**2 + 10*m + 31. Is o(-4) a prime number?
False
Let y be (-30)/9*18/(-4). Suppose k - 92 = -y. Is k prime?
False
Suppose -108*w = -110*w + 1094. Is w composite?
False
Suppose 4*d + d = -3*b + 436, 4*d + 276 = 2*b. Let w = b + 303. Is w composite?
True
Let i(k) = -k**3 + 11*k**2 + k - 11. Let g be i(11). Suppose g = -4*u + 4*n + 71 + 509, n - 1 = 0. Is u prime?
False
Let w(d) = -9*d + 13*d - 8 + 22. Is w(12) prime?
False
Let h be (-118*(1 + 1))/((-1)/24). Let s = h - 3343. Is s composite?
True
Suppose 5*r + 556 = -5*t + 2*t, -4*t = -4*r + 688. Let s = -284 - t. Let p = s + 478. Is p a prime number?
False
Let n = 31976 - 6441. Is n a prime number?
False
Suppose 5*n + 5*o - 404 = 256, 4*o = 4*n - 552. Let f be (-32)/(-112) + n/(-7). Let k = 26 + f. Is k a composite number?
False
Let i be (8 - 6)/((-4)/482). Let l be (-1 + 3)/((-1)/i). Suppose -2*b + 338 = -4*n, 0 = b + 2*b - n - l. Is b prime?
False
Suppose 0 = g - 7 + 6. Let k(l) = 1004*l**3 - l**2 - l + 1. Let v be k(g). Let h = 1544 - v. Is h composite?
False
Let a = -11 + 13. Suppose 5*t - 1 = -11, 0 = a*b + 5*t + 2. Let o(x) = 46*x + 7. Is o(b) prime?
True
Let h(y) = -y**2 + 1. Let x(w) = w**3 + 4*w**2 + 20*w + 12. Let q(v) = 6*h(v) - x(v). Is q(-8) prime?
False
Let t(m) = 83*m**3 - 10*m - 13 - 4*m**2 - 82*m**3 - 17. Is t(13) composite?
False
Let o = 46437 + -28756. Is o composite?
False
Let n(x) = -x**3 + 23*x**2 + 8*x - 73. Is n(22) prime?
True
Let h be (3989/2)/((66/12)/11). Is -1 - 7/(-9) - h/(-9) composite?
False
Suppose -v = -3*j + 2*v + 15, 2*v + 19 = 5*j. Suppose 4*p + 22 = -b + 183, j*b = -4*p + 515. Is b a prime number?
False
Is (2072/(-20))/(-14)*1115 a prime number?
False
Let r(i) = -3*i + 4 - 1 - 4. Let v(s) = 3*s + 11. Let t be v(-5). Is r(t) prime?
True
Let w(q) = -18*q**3 + 8*q**2 + 3*q - 14. Let z(m) = -6*m**3 + 3*m**2 + m - 5. Let s(o) = -3*w(o) + 8*z(o). Is s(3) composite?
True
Let i be (-11)/55 - 16/(-5). Let o(l) = l + 2. Let f be o(i). Suppose q - 6*q - 442 = -3*n, f*n - 5*q - 740 = 0. Is n composite?
False
Let h = -6016 + 9959. Is h composite?
False
Suppose -5*j + 261 = -574. Let k = j - 78. Is k prime?
True
Let d be (-419)/(2 - (-14)/(-6)). Let z = d - -1376. Is z a composite number?
False
Suppose 3*z + 24 = 3*q, -30 = 4*z - 3*q + 6. Is (-44430)/(-180) - 2/z composite?
True
Let k = 15482 - 8413. Is k prime?
True
Suppose 5*p + w - 328804 = 0, 10*p - 197288 = 7*p + 5*w. Is p a prime number?
True
Let v(h) = 3*h + 8. Let n be v(-2). Is n + 4/(12/891) a composite number?
True
Let h(v) = -v**2 + v + 5. Let w be h(-4). Let c = 29 + w. Is c prime?
False
Suppose 3*h - 1367 = -5*k, 2*h + 63 - 957 = k. Is h prime?
True
Is 24290/8 + (-14)/((-336)/18) composite?
False
Let f(w) = w**3 - 5*w**2 - 2. Let q be f(5). Let u(h) = 3*h**2 - 4*h + 1. Let z(g) = g**2 - g + 1. Let p(j) = u(j) - 2*z(j). Is p(q) composite?
False
Suppose -815 = 2*b - 5*a, 5*b + 2090 = -2*a - 3*a. Let y = -204 - b. Is y prime?
True
Suppose -4*t = d + 308, 5*d = -4*t - 137 - 187. Let i be -1*5 + 1/(-1). Is (t/i)/(2/3) composite?
False
Let q be 1 - (-1)/(-1 + 0). Suppose 0 = -5*l - q*l - 5*w - 505, l + 3*w = -91. Is (2/4 + -1)*l composite?
False
Let o = -1073 - -3872. Is (-6)/12*1*(1 - o) composite?
False
Suppose 344 = o + 53. Let z = o + 48. Is z composite?
True
Let o be 5*-95*(-2 + 0). Let n = o + -409. Is n a composite number?
False
Suppose 0*t = -p - 5*t - 28, 2*p = 2*t + 4. Let m be 1*(p - -3) - -2. Is (2 - 1)/(m/118) prime?
True
Let s = 130026 + -40891. Is s a composite number?
True
Suppose 5*r = -c + 16384, -2*r - 4*c = -7*r + 16389. Is r a prime number?
False
Suppose -d = -3*z - 6, -d + 5*z + 1 + 5 = 0. Let j(o) = -3*o**2 - 3*o - 3. Let i(t) = -t**2 - t - 2. Let p(m) = 7*i(m) - 3*j(m). Is p(d) a composite number?
False
Let g(w) = 0*w + 0*w - 1 + 0*w + w**2 - 4*w. Let z be g(5). Suppose -8 = 3*u - 5, -z*u = -2*d + 426. Is d composite?
False
Let g(l) = 20794*l - 7. Let m(a) = 62383*a - 20. Let t(h) = -17*g(h) + 6*m(h). Let s be t(-1). Is s/(-33) + (-2)/(-3) a composite number?
False
Let w be 10 + -425 - (-2)/(-1). Let f = w + 710. Is f a prime number?
True
Suppose 1700*f = 1699*f + 7067. Is f prime?
False
Is (-28450)/100*-11*2 a prime number?
False
Suppose -5*w + 2*x = -21, -3*w = 5*x - 2*x. Suppose j - q + 1041 = 6*j, w*j - 619 = -2*q. Is j a prime number?
False
Suppose -p - 8 = -3*r, 0 = -2*r - 2*r - 4*p. Is (-1725)/(-3) + -1*r a composite number?
True
Suppose 5*t = 2*t + 2877. Is t a prime number?
False
Suppose -3*c + p + 21 = 4*p, -3*p + 29 = 5*c. Let i(b) = 6*b. Let s be i(c). Let f = s - -11. Is f a composite number?
True
Let o(d) = -d**2 - 4*d + 18. Let u be o(-6). Suppose 55 = 7*x - u*x. Is x composite?
True
Let k(d) = 293*d + 147. Is k(4) composite?
False
Suppose 11 = -t + 34. Suppose -2*h = 5 + t. Let p = -3 - h. Is p a composite number?
False
Let u(q) be the third derivative of q**4/6 + 9*q**3/2 - 12*q**2. Is u(8) composite?
False
Let k = 10 + -5. Let a(o) = o**2 - 4*o - 9. Let r be a(5). Is (16 - r) + -2 + k a prime number?
True
Let g(m) = m**3 - 8*m**2 + 6*m + 9. Let s be g(7). Suppose s*u = -u - 15, -d = -3*u - 206. Is d prime?
True
Is (331/(-4))/(18/72)*-2 